2 + 2*y + 10. Calculate n(-3).
-5
Let j(z) = -2*z**2 + 10*z + 14. Give j(6).
2
Let h(o) = -o**3 + 10*o**2 - 24*o - 6. Give h(6).
-6
Let n(s) = s + 8. Give n(-9).
-1
Let z(w) = w**2 - 126*w + 486. Give z(4).
-2
Let z(h) = -4*h**2 - 50*h - 30. Determine z(-12).
-6
Let j(x) = x**3 - 6*x**2 + 5*x - 3. Calculate j(4).
-15
Let q(h) = -3*h + 16. Calculate q(8).
-8
Let p(y) = -24*y + 149. Determine p(6).
5
Let w(g) = g**3 - 9*g**2 - 22*g + 6. What is w(11)?
6
Let p(n) = n + 8. Give p(-12).
-4
Let l(b) = 2*b. Calculate l(-9).
-18
Let x(k) = 53*k - 268. Determine x(5).
-3
Let s(y) = -y**3 - 3*y**2 + 3*y - 8. Determine s(-4).
-4
Let j(m) = m**3 + 3*m**2 - 8*m + 14. Give j(-5).
4
Let d(w) = w**2 - 12*w - 3. Give d(8).
-35
Let c(v) = -v**2 + 19*v - 22. Determine c(18).
-4
Let u(m) = -7*m + 11. Calculate u(5).
-24
Let p(q) = -3*q - 1. Calculate p(-5).
14
Let k(n) = -n**3 + 8*n**2 - 3*n - 4. Determine k(3).
32
Let h(b) = -b - 32. Determine h(-27).
-5
Let m(b) = -6*b - 4. Calculate m(1).
-10
Let b(z) = -35*z - 133. Calculate b(-3).
-28
Let m(s) = 6*s + 38. Determine m(-11).
-28
Let g(k) = -k**3 + 3*k**2 + k + 2. Give g(4).
-10
Let j(q) = q - 7. What is j(1)?
-6
Let j(m) = -m**3 - 28*m**2 + m + 19. What is j(-28)?
-9
Let d(h) = -h**2 + 28*h - 45. What is d(26)?
7
Let y(u) = -u**3 - 18*u**2 + u + 15. Determine y(-18).
-3
Let h(o) = -o**3 - 4*o**2 - 4*o - 23. What is h(-4)?
-7
Let f(k) = -13*k - 5. Calculate f(8).
-109
Let q(r) = -r**2 + 9*r + 31. What is q(11)?
9
Let v(g) = g**2 - 346*g + 688. Give v(2).
0
Let i(y) = -2*y**2 + 4*y + 10. What is i(4)?
-6
Let f(z) = -z**3 - 11*z**2 + z + 7. Give f(-11).
-4
Let r(w) = w**3 - 8*w**2 - 3*w + 17. Determine r(8).
-7
Let d(g) = 2*g - 43. Determine d(21).
-1
Let d(w) = -w**3 + 26*w**2 - 25*w - 24. What is d(25)?
-24
Let o(k) = 19*k + 16. Determine o(-1).
-3
Let o(z) = -z**3 - 7*z**2 + z + 12. Give o(-7).
5
Let u(c) = -c**3 - 6*c**2 - 6*c + 1. What is u(-4)?
-7
Let i(n) = -n**2 + 9*n + 15. Determine i(-6).
-75
Let k(i) = i**3 + 11*i**2 + 8*i - 10. Determine k(-10).
10
Let w(p) = 3*p**2 + 2*p + 1. What is w(-2)?
9
Let q(o) = 3*o**2 - 10*o. What is q(3)?
-3
Let t(s) = s**2 + 25*s + 36. What is t(-24)?
12
Let a(s) = -s**3 - 13*s**2 - 24*s + 31. What is a(-11)?
53
Let r(v) = -2*v**3 - 18*v**2 + 17*v - 21. What is r(-10)?
9
Let u(t) = -t**3 - 19*t**2 + 20*t + 35. What is u(-20)?
35
Let c(s) = s**2 - 26*s - 38. Give c(27).
-11
Let w(i) = -7*i + 6. Calculate w(3).
-15
Let n(b) = b. What is n(-1)?
-1
Let j(h) = -h**3 - 3*h**2 + 13*h + 1. Determine j(5).
-134
Let j(c) = c**3 + 6*c**2 + c - 17. Calculate j(-5).
3
Let n(m) = 6*m - 358. What is n(57)?
-16
Let l(c) = 3*c**2 - 11*c + 13. Calculate l(2).
3
Let a(g) = -70*g**3 - 2*g**2 - 2*g. Give a(-1).
70
Let p(w) = -3*w - 11. Give p(-12).
25
Let k(f) = f**2 + 6*f - 43. Give k(4).
-3
Let y(i) = 9*i - 3. Give y(8).
69
Let v(w) = 15*w - 37. Give v(2).
-7
Let z(d) = -d**2 - d - 17. Give z(0).
-17
Let v(a) = 7*a + 15. What is v(-12)?
-69
Let g(j) = -j**2 + 2*j + 2. Give g(3).
-1
Let b(s) = s**3 + 5*s**2 - 8*s - 4. Give b(-6).
8
Let p(a) = -3*a**2 - 14*a + 10. Calculate p(-5).
5
Let o(k) = -k - 1. Calculate o(1).
-2
Let b(u) = u**2 - 3*u - 4. What is b(6)?
14
Let y(h) = -h**2 - 3*h + 7. Determine y(-4).
3
Let m(k) = k**2 - 4*k + 2. What is m(4)?
2
Let z(s) = -7*s**3 - s. Give z(-1).
8
Let i(g) = 8*g + 2. Calculate i(3).
26
Let t(q) = q**2 - 9*q. Give t(9).
0
Let u(h) = -h**3 - 11*h**2 - 13*h - 21. Calculate u(-10).
9
Let c(w) = 19*w + 11. Calculate c(-5).
-84
Let m(q) = 5*q - 12. Determine m(5).
13
Let u(p) = p**2 - 9*p + 37. Determine u(5).
17
Let q(f) = -4*f - 49. Give q(-14).
7
Let a(h) = -23*h + 33. Determine a(2).
-13
Let f(q) = -2*q + 19. What is f(8)?
3
Let c(x) = 4*x - 13. Give c(7).
15
Let s(i) = i**3 + 8*i**2 + 6*i + 9. What is s(-5)?
54
Let m(w) = -18*w - 1. Give m(-2).
35
Let o(d) = d**2 - 9*d. Calculate o(8).
-8
Let w(o) = o**3 + 11*o**2 + 19*o + 1. Give w(-6).
67
Let n(m) = -2*m**3 + m**2 + m + 1. What is n(-1)?
3
Let f(d) = -d**3 + 11*d**2 - 27*d - 3. What is f(8)?
-27
Let v(w) = w**2 - 3*w - 4. What is v(6)?
14
Let c(u) = u**3 - 10*u**2 - 27*u + 12. What is c(12)?
-24
Let o(x) = -4*x**2 + 2*x + 3. Determine o(-4).
-69
Let u(y) = 6*y**2 - 1. Calculate u(1).
5
Let x(g) = 16*g**2 - 3*g - 1. Determine x(-2).
69
Let i(u) = -36*u + 716. What is i(20)?
-4
Let o(f) = -f**2 + f + 1. Calculate o(-1).
-1
Let w(x) = -2*x**3 + 6*x**2 + 12*x - 9. Determine w(4).
7
Let c(r) = 6*r + 44. Calculate c(-6).
8
Let h(f) = -f**3 + 14*f**2 - 17*f - 11. Determine h(12).
73
Let r(o) = 7*o**3 + 2*o**2 - o - 2. Determine r(2).
60
Let v(l) = -5*l + 14. Give v(4).
-6
Let v(t) = 9*t + 59. Give v(-7).
-4
Let q(t) = 15*t + 3. What is q(2)?
33
Let f(z) = -z**3 - 4*z**2 - 2*z - 10. What is f(-5)?
25
Let j(o) = -26*o**3 - o**2 + 1. Give j(-1).
26
Let w(s) = -s**3 + 3*s**2 + 4*s. Give w(-3).
42
Let g(c) = -11*c - 67. Give g(-6).
-1
Let z(g) = -6*g + 1. Give z(-1).
7
Let y(h) = h**2 - 14*h + 9. Determine y(12).
-15
Let q(z) = 8*z**2 - 2. Calculate q(-1).
6
Let m(f) = f - 3. Determine m(6).
3
Let g(l) = l**3 + l + 12. What is g(0)?
12
Let o(n) = -n**3 - 14*n**2 - 2*n - 27. What is o(-14)?
1
Let c(l) = 3*l**2 + 8*l + 3. Give c(-4).
19
Let r(h) = h**3 - 8*h**2 - 10. What is r(8)?
-10
Let m(z) = -z**3 + 7*z**2 + 80*z - 20. Determine m(13).
6
Let b(y) = -2*y**3 + 22*y**2 + 52*y - 8. What is b(13)?
-8
Let r(h) = 2*h - 62. Give r(27).
-8
Let w(f) = -4*f + 6. Calculate w(2).
-2
Let x(g) = -g**3 - 3*g**2 + 5. Calculate x(-2).
1
Let h(v) = -3*v**2 + 15*v - 3. Give h(5).
-3
Let r(t) = -t**3 + 24*t**2 + t - 7. What is r(24)?
17
Let y(n) = 2*n**2 - 10*n + 13. Give y(5).
13
Let n(d) = -d**2 - 20*d - 19. What is n(-18)?
17
Let r(q) = -q**3 - 6*q**2 - 5*q + 11. What is r(-4)?
-1
Let g(c) = 5*c - 59. Give g(10).
-9
Let c(t) = -20*t - 24. What is c(-1)?
-4
Let s(f) = -4*f - 120. Determine s(-31).
4
Let p(m) = m**2 - 13*m + 15. Calculate p(12).
3
Let a(h) = h**2 + 14*h + 11. Determine a(-9).
-34
Let h(k) = k - 5. Determine h(16).
11
Let g(l) = -76*l + 467. Calculate g(6).
11
Let w(d) = -d**3 - 16*d**2 - d - 18. Give w(-16).
-2
Let b(z) = -z**2 - 35*z - 73. Give b(-33).
-7
Let h(f) = 4*f**2. What is h(2)?
16
Let p(h) = 3*h**2 - 16*h - 32. Calculate p(7).
3
Let y(q) = 2*q + 6. What is y(3)?
12
Let r(h) = -2*h**2 - 6*h + 3. Determine r(-3).
3
Let o(m) = 5*m**2 + 79*m + 132. Calculate o(-14).
6
Let o(c) = c - 14. What is o(11)?
-3
Let a(u) = -4*u + 17. Give a(13).
-35
Let b(w) = -2*w**2 - 23*w - 16. Calculate b(-10).
14
Let u(n) = n**3 + 31*n**2 + 86*n + 60. What is u(-28)?
4
Let x(t) = -39*t + 314. Calculate x(8).
2
Let g(q) = 2*q**2 + 14*q + 39. Calculate g(-7).
39
Let y(l) = l**2 + 17*l + 36. Calculate y(-15).
6
Let a(t) = 2*t - 14. What is a(10)?
6
Let q(p) = -p**2 + 11*p - 11. Calculate q(10).
-1
Let q(g) = -3*g - 19. Calculate q(-10).
11
Let r(o) = -3*o + 7. Determine r(4).
-5
Let g(j) = j**3 - 3*j**2 - 3*j + 3. Calculate g(4).
7
Let g(b) = 10*b - 4. Give g(0).
-4
Let h(m) = -2*m**3 + 34*m**2 + m - 21. Determine h(17).
-4
Let a(z) = -z**3 + 20*z**2 - 37*z + 24. Calculate a(18).
6
Let l(z) = 2*z**2 + 9*z - 6. Calculate l(-5).
-1
Let p(h) = h**2 + 5*h + 2. Give p(-8).
26
Let y(c) = -c**2 - 3*c. What is y(6)?
-54
Let z(d) = -3*d**2 - 3*d + 1. What is z(1)?
-5
Let j(w) = 2*w - 5. What is j(4)?
3
Let v(l) = -l**2 + 6*l - 4. Determine v(7).
-11
Let s(n) = n**3 - 4*n**2 - 24*n + 25. Determine s(7).
4
Let r(z) = 5*z**3 + 3*z**2 + z + 2. Calculate r(-2).
-28
Let r(a) = a**3 + 6*a**2 - 5*a + 19. Give r(-7).
5
Let i(n) = n + 28. Calculate i(-15).
13
Let h(m) = 10*m**2 - m. What is h(1)?
9
Let g(z) = z**3 + 26*z**2 - 3*z - 83. Determine g(-26).
-5
Let j(q) = -q**2 - 7*q - 13. Calculate j(-7).
-13
Let l(x) = -x**3 - 5*x**2 + 7*x - 8. Determine l(-6).
-14
Let m(o) = 2*o**2 + 7*o + 28. What is m(-7)?
77
Let j(g) = -4*g**2 + 58*g - 13. Give j(14).
15
Let q(l) = -l + 3. Give q(8).
-5
Let m(a) = -5*a - 9. Determine m(-3).
6
Let i(n) = n**2 + 6*n - 63. Determine i(6).
9
Let g(d) = -7*d - 68. Give g(-7).
-19
Let y(r) = r**2 + 7*r + 4. What is y(-5)?
-6
Let z(r) = -r - 13. Determine z(11).
-24
Let x(k) = k**2 + 4*k - 38. Calculate x(4).
-6
Let v(z) = -z**3 + 6*z**2 + 5*z - 9. Give v(6).
21
Let y(p) = p**2 + 4*p + 4. Calculate y(0).
4
Let i(p) 